 when 214395163 is divided by 117284?
11
Calculate the remainder when 25362329 is divided by 3284.
3281
What is the remainder when 92736 is divided by 880?
336
Calculate the remainder when 758974735 is divided by 31.
30
What is the remainder when 664183 is divided by 3133?
3120
Calculate the remainder when 5777793 is divided by 1925909.
66
Calculate the remainder when 61410 is divided by 120.
90
What is the remainder when 3375697 is divided by 281?
44
What is the remainder when 227815 is divided by 75196?
2227
What is the remainder when 173137 is divided by 2838?
19
What is the remainder when 2776552 is divided by 2559?
37
What is the remainder when 251846 is divided by 636?
626
What is the remainder when 517994 is divided by 64747?
18
What is the remainder when 38324263 is divided by 5242?
1
What is the remainder when 50403852 is divided by 13?
5
What is the remainder when 5513710 is divided by 131?
51
What is the remainder when 4520711 is divided by 8?
7
Calculate the remainder when 3644187 is divided by 1467.
159
What is the remainder when 1991607 is divided by 995783?
41
What is the remainder when 1726816 is divided by 4044?
28
What is the remainder when 1046920 is divided by 130849?
128
Calculate the remainder when 63938 is divided by 116.
22
What is the remainder when 61730 is divided by 1177?
526
Calculate the remainder when 19275 is divided by 33.
3
Calculate the remainder when 18481 is divided by 1668.
133
What is the remainder when 35766 is divided by 1526?
668
What is the remainder when 402317 is divided by 326?
33
What is the remainder when 570241 is divided by 142536?
97
What is the remainder when 6026618 is divided by 14735?
3
What is the remainder when 100307067 is divided by 1495?
42
Calculate the remainder when 206222 is divided by 103044.
134
What is the remainder when 5420724 is divided by 42021?
15
Calculate the remainder when 1118719658 is divided by 20.
18
Calculate the remainder when 476486 is divided by 589.
574
Calculate the remainder when 12741235 is divided by 38964.
7
What is the remainder when 760544 is divided by 126751?
38
Calculate the remainder when 13424407 is divided by 135600.
7
What is the remainder when 719477 is divided by 1133?
22
What is the remainder when 222365152 is divided by 829?
824
What is the remainder when 23280420 is divided by 1539?
1506
What is the remainder when 441082 is divided by 55128?
58
Calculate the remainder when 254199 is divided by 2990.
49
What is the remainder when 572340 is divided by 465?
390
What is the remainder when 42838 is divided by 10578?
526
What is the remainder when 2395914 is divided by 299218?
2170
What is the remainder when 127563523 is divided by 4809?
4798
Calculate the remainder when 20380241 is divided by 38.
5
Calculate the remainder when 19643 is divided by 18199.
1444
What is the remainder when 3191415 is divided by 13297?
135
Calculate the remainder when 217683 is divided by 109.
10
Calculate the remainder when 26506985 is divided by 87.
86
What is the remainder when 4244657 is divided by 9691?
9690
Calculate the remainder when 37911 is divided by 18664.
583
Calculate the remainder when 7306515 is divided by 8976.
51
Calculate the remainder when 15173 is divided by 2525.
23
Calculate the remainder when 92861 is divided by 531.
467
Calculate the remainder when 136862 is divided by 3097.
594
What is the remainder when 29970 is divided by 1911?
1305
Calculate the remainder when 448626243 is divided by 22.
21
Calculate the remainder when 179595127 is divided by 6212.
6207
What is the remainder when 9999432 is divided by 2095?
2092
What is the remainder when 519242303 is divided by 844?
843
What is the remainder when 399060 is divided by 132922?
294
Calculate the remainder when 219024 is divided by 3381.
2640
What is the remainder when 2960777 is divided by 58054?
23
Calculate the remainder when 277221 is divided by 2389.
97
Calculate the remainder when 8210692 is divided by 51.
49
What is the remainder when 83416128 is divided by 43?
41
What is the remainder when 1739930 is divided by 1739930?
0
Calculate the remainder when 935549 is divided by 5952.
1085
What is the remainder when 1305564 is divided by 544?
508
Calculate the remainder when 2608273 is divided by 19611.
10
What is the remainder when 8037405 is divided by 273?
12
What is the remainder when 46594094 is divided by 1048?
14
What is the remainder when 16411 is divided by 1639?
21
Calculate the remainder when 5620831 is divided by 47634.
19
Calculate the remainder when 5603998 is divided by 1459.
1438
What is the remainder when 92083 is divided by 91703?
380
What is the remainder when 7302 is divided by 1381?
397
What is the remainder when 250633 is divided by 14904?
12169
What is the remainder when 422302 is divided by 697?
617
What is the remainder when 929770 is divided by 69?
64
Calculate the remainder when 1758336 is divided by 109876.
320
Calculate the remainder when 339828 is divided by 1634.
1590
Calculate the remainder when 159143 is divided by 830.
613
Calculate the remainder when 115543008 is divided by 1026.
18
Calculate the remainder when 150621 is divided by 37115.
2161
What is the remainder when 58381928 is divided by 236364?
20
Calculate the remainder when 14375928 is divided by 44.
28
Calculate the remainder when 736324 is divided by 1067.
94
Calculate the remainder when 166374 is divided by 166364.
10
Calculate the remainder when 3234168 is divided by 393.
171
Calculate the remainder when 633618 is divided by 24365.
128
What is the remainder when 255850 is divided by 368?
90
Calculate the remainder when 571969 is divided by 4613.
4570
Calculate the remainder when 5307944 is divided by 113.
108
Calculate the remainder when 197131 is divided by 197117.
14
What is the remainder when 28313721 is divided by 291894?
3
Calculate the remainder when 197879 is divided by 49348.
487
Calculate the remainder when 7210382 is divided by 969.
53
Calculate the remainder when 5981939 is divided by 460149.
2
What is the remainder when 187244 is divided by 83?
79
Calculate the remainder when 396756 is divided by 526.
152
Calculate the remainder when 1193278 is divided by 51.
31
Calculate the remainder when 9164390 is divided by 61.
55
What is the remainder when 1844704 is divided by 5425?
204
What is the remainder when 573839558 is divided by 2349?
2348
What is the remainder when 6848838 is divided by 171220?
38
Calculate the remainder when 5110822 is divided by 24.
22
What is the remainder when 5699466 is divided by 58?
38
Calculate the remainder when 24213 is divided by 352.
277
What is the remainder when 7015668 is divided by 7544?
7292
Calculate the remainder when 68940 is divided by 132.
36
What is the remainder when 345418 is divided by 23016?
178
Calculate the remainder when 128472 is divided by 2342.
2004
What is the remainder when 14726487 is divided by 3689?
3688
Calculate the remainder when 1078647 is divided by 756.
591
What is the remainder when 12526 is divided by 160?
46
What is the remainder when 591037784 is divided by 22?
18
What is the remainder when 288719 is divided by 1433?
686
What is the remainder when 526064972 is divided by 1647?
1643
Calculate the remainder when 830720 is divided by 2031.
41
What is the remainder when 109149285 is divided by 68?
37
Calculate the remainder when 1280613 is divided by 1280199.
414
Calculate the remainder when 2936666 is divided by 419523.
5
What is the remainder when 443774821 is divided by 135?
121
What is the remainder when 29625573 is divided by 22?
21
Calculate the remainder when 12235079 is divided by 1240.
1239
Calculate the remainder when 256084763 is divided by 1076.
1067
Calculate the remainder when 3896373 is divided by 12063.
24
Calculate the remainder when 716096 is divided by 149.
2
What is the remainder when 10771143 is divided by 5696?
7
Calculate the remainder when 22700234 is divided by 7195.
9
What is the remainder when 75483 is divided by 33?
12
Calculate the remainder when 28408 is divided by 3121.
319
What is the remainder when 368620 is divided by 77?
21
What is the remainder when 912537 is divided by 10900?
7837
What is the remainder when 774406 is divided by 884?
22
What is the remainder when 96912 is divided by 8350